587
List the prime factors of 3372.
2, 3, 281
List the prime factors of 5561.
67, 83
What are the prime factors of 2624?
2, 41
What are the prime factors of 9049?
9049
List the prime factors of 687.
3, 229
What are the prime factors of 4243?
4243
List the prime factors of 30708.
2, 3, 853
List the prime factors of 907.
907
What are the prime factors of 45362?
2, 37, 613
List the prime factors of 27744.
2, 3, 17
List the prime factors of 2566.
2, 1283
List the prime factors of 14035.
5, 7, 401
List the prime factors of 17467.
17467
List the prime factors of 4414.
2, 2207
List the prime factors of 526.
2, 263
List the prime factors of 129495.
3, 5, 89, 97
What are the prime factors of 3259?
3259
What are the prime factors of 4706?
2, 13, 181
List the prime factors of 1041.
3, 347
What are the prime factors of 1118?
2, 13, 43
List the prime factors of 17828.
2, 4457
What are the prime factors of 228?
2, 3, 19
What are the prime factors of 1726?
2, 863
List the prime factors of 546.
2, 3, 7, 13
What are the prime factors of 7981?
23, 347
What are the prime factors of 221?
13, 17
What are the prime factors of 20228?
2, 13, 389
What are the prime factors of 2749?
2749
What are the prime factors of 8769?
3, 37, 79
What are the prime factors of 874?
2, 19, 23
List the prime factors of 59319.
3, 13
What are the prime factors of 15474?
2, 3, 2579
List the prime factors of 1432.
2, 179
What are the prime factors of 7486?
2, 19, 197
List the prime factors of 211.
211
List the prime factors of 41478.
2, 3, 31, 223
List the prime factors of 613.
613
What are the prime factors of 20429?
31, 659
List the prime factors of 6737.
6737
What are the prime factors of 4375?
5, 7
What are the prime factors of 23373?
3, 7, 53
What are the prime factors of 825?
3, 5, 11
What are the prime factors of 76103?
76103
List the prime factors of 6611.
11, 601
List the prime factors of 7344.
2, 3, 17
What are the prime factors of 52855?
5, 11, 31
List the prime factors of 471.
3, 157
What are the prime factors of 24304?
2, 7, 31
List the prime factors of 67828.
2, 31, 547
What are the prime factors of 8887?
8887
What are the prime factors of 26980?
2, 5, 19, 71
List the prime factors of 4038.
2, 3, 673
List the prime factors of 145863.
3, 19, 853
List the prime factors of 22974.
2, 3, 7, 547
What are the prime factors of 28441?
7, 17, 239
What are the prime factors of 3564?
2, 3, 11
List the prime factors of 23871.
3, 73, 109
List the prime factors of 11173.
11173
List the prime factors of 37287.
3, 1381
What are the prime factors of 73765?
5, 14753
List the prime factors of 26691.
3, 7, 31, 41
What are the prime factors of 392?
2, 7
List the prime factors of 25448.
2, 3181
List the prime factors of 1333.
31, 43
What are the prime factors of 45822?
2, 3, 7, 1091
What are the prime factors of 44118?
2, 3, 19, 43
List the prime factors of 24.
2, 3
List the prime factors of 7086.
2, 3, 1181
What are the prime factors of 37887?
3, 73, 173
List the prime factors of 1850.
2, 5, 37
List the prime factors of 1286.
2, 643
List the prime factors of 6487.
13, 499
What are the prime factors of 630?
2, 3, 5, 7
What are the prime factors of 49?
7
What are the prime factors of 12110?
2, 5, 7, 173
List the prime factors of 1612.
2, 13, 31
List the prime factors of 1649.
17, 97
What are the prime factors of 655?
5, 131
List the prime factors of 5560.
2, 5, 139
List the prime factors of 8835.
3, 5, 19, 31
List the prime factors of 14408.
2, 1801
List the prime factors of 577.
577
List the prime factors of 1964.
2, 491
List the prime factors of 33191.
33191
What are the prime factors of 7810?
2, 5, 11, 71
List the prime factors of 76.
2, 19
What are the prime factors of 35?
5, 7
What are the prime factors of 19479?
3, 43, 151
List the prime factors of 157092.
2, 3, 13, 19, 53
What are the prime factors of 7155?
3, 5, 53
List the prime factors of 1207.
17, 71
List the prime factors of 16653.
3, 7, 13, 61
What are the prime factors of 1181?
1181
List the prime factors of 480.
2, 3, 5
List the prime factors of 8053.
8053
List the prime factors of 1260.
2, 3, 5, 7
What are the prime factors of 15948?
2, 3, 443
List the prime factors of 619.
619
List the prime factors of 2683.
2683
What are the prime factors of 1486?
2, 743
List the prime factors of 7978.
2, 3989
List the prime factors of 15403.
73, 211
What are the prime factors of 3980?
2, 5, 199
What are the prime factors of 15372?
2, 3, 7, 61
What are the prime factors of 357?
3, 7, 17
List the prime factors of 1403.
23, 61
What are the prime factors of 12710?
2, 5, 31, 41
List the prime factors of 4177.
4177
List the prime factors of 10481.
47, 223
What are the prime factors of 44686?
2, 22343
List the prime factors of 80700.
2, 3, 5, 269
What are the prime factors of 90243?
3, 37, 271
What are the prime factors of 2986?
2, 1493
What are the prime factors of 4256?
2, 7, 19
What are the prime factors of 380?
2, 5, 19
What are the prime factors of 1255?
5, 251
List the prime factors of 15273.
3, 1697
List the prime factors of 30975.
3, 5, 7, 59
List the prime factors of 5860.
2, 5, 293
List the prime factors of 6743.
11, 613
What are the prime factors of 290?
2, 5, 29
What are the prime factors of 449?
449
List the prime factors of 602.
2, 7, 43
List the prime factors of 1017.
3, 113
What are the prime factors of 27805?
5, 67, 83
What are the prime factors of 1748?
2, 19, 23
List the prime factors of 11629.
29, 401
What are the prime factors of 20663?
20663
What are the prime factors of 3237?
3, 13, 83
What are the prime factors of 1712?
2, 107
What are the prime factors of 1259?
1259
List the prime factors of 20296.
2, 43, 59
What are the prime factors of 24617?
103, 239
What are the prime factors of 48540?
2, 3, 5, 809
List the prime factors of 1232.
2, 7, 11
What are the prime factors of 4656?
2, 3, 97
What are the prime factors of 9423?
3, 349
List the prime factors of 11457.
3, 19, 67
What are the prime factors of 9856?
2, 7, 11
What are the prime factors of 4?
2
What are the prime factors of 1107?
3, 41
List the prime factors of 11459.
7, 1637
What are the prime factors of 3131?
31, 101
List the prime factors of 538.
2, 269
List the prime factors of 35756.
2, 7, 1277
What are the prime factors of 2619?
3, 97
List the prime factors of 8520.
2, 3, 5, 71
List the prime factors of 92.
2, 23
What are the prime factors of 1552?
2, 97
What are the prime factors of 1735?
5, 347
What are the prime factors of 8250?
2, 3, 5, 11
What are the prime factors of 11486?
2, 5743
List the prime factors of 1811.
1811
What are the prime factors of 758?
2, 379
List the prime factors of 811.
811
What are the prime factors of 16485?
3, 5, 7, 157
List the prime factors of 13376.
2, 11, 19
List the prime factors of 3386.
2, 1693
What are the prime factors of 59501?
13, 23, 199
What are the prime factors of 17750?
2, 5, 71
List the prime factors of 1721.
1721
List the prime factors of 187669.
187669
What are the prime factors of 11381?
19, 599
What are the prime factors of 3015?
3, 5, 67
What are the prime factors of 1169?
7, 167
What are the prime factors of 17385?
3, 5, 19, 61
List the prime factors of 12004.
2, 3001
What are the prime factors of 8266?
2, 4133
List the prime factors of 13603.
61, 223
List the prime factors of 8466.
2, 3, 17, 83
List the prime factors of 1603.
7, 229
What are the prime factors of 49870?
2, 5, 4987
What are the prime factors of 19493?
101, 193
What are the prime factors of 2794?
2, 11, 127
List the prime factors of 23768.
2, 2971
What are the prime factors of 1260?
2, 3, 5, 7
List the prime factors of 118.
2, 59
List the prime factors of 209.
11, 19
What are the prime factors of 464?
2, 29
List the prime factors of 5028.
2, 3, 419
List the prime factors of 47908.
2, 7, 29, 59
List the prime factors of 796.
2, 199
What are the prime factors of 6037?
6037
List the prime factors of 52629.
3, 53, 331
What are the prime factors of 10453?
10453
List the prime factors of 968.
2, 11
List the prime factors of 6143.
6143
List the prime factors of 33461.
33461
List the prime factors of 37603.
31, 1213
What are the prime factors of 2307?
3, 769
What are the prime factors of 9321?
3, 13, 239
List the prime factors of 74127.
3, 24709
What are t